at is 8 + -874565?
-874557
In base 9, what is -3384 - 58?
-3453
In base 10, what is 311711 - -4?
311715
In base 4, what is -3311323230 - -10?
-3311323220
In base 11, what is 353 - 322?
31
In base 4, what is -220110 - -10?
-220100
In base 16, what is b26 + 87?
bad
In base 2, what is -1000001101111111 - 1?
-1000001110000000
In base 4, what is -101 - 2300313?
-2301020
In base 15, what is -938 + 176?
-7b2
In base 7, what is -256 - 1100?
-1356
In base 3, what is -20211001 - 21121?
-21002122
In base 3, what is -20220201 + -20101?
-21011002
In base 5, what is -1 + 2223132?
2223131
In base 14, what is 102 - 136?
-34
In base 12, what is -a55 + -1b6a?
-2a03
In base 9, what is 8 + -27431?
-27422
In base 2, what is 100 - 11100110100111?
-11100110100011
In base 7, what is 0 - -511324?
511324
In base 2, what is 101 - 10001010011000101?
-10001010011000000
In base 2, what is -100111011110001 + -1000?
-100111011111001
In base 13, what is 3 + 115411?
115414
In base 10, what is -5 + -15985?
-15990
In base 5, what is 2111 - 33221?
-31110
In base 8, what is -3 - -2360675?
2360672
In base 6, what is 41455340 - 5?
41455331
In base 14, what is 23116 - 20?
230d6
In base 2, what is -110010 + -11001010101101?
-11001011011111
In base 16, what is -2 + -208dc?
-208de
In base 2, what is -1100100000101111 - -10111?
-1100100000011000
In base 3, what is -2021 + -1011222100?
-1012001121
In base 10, what is 12 - 111771?
-111759
In base 8, what is 3 - 6756?
-6753
In base 7, what is 63654 - 4?
63650
In base 11, what is -692a58 - 1?
-692a59
In base 13, what is 3c90 + -2?
3c8b
In base 11, what is 12 + 9000?
9012
In base 5, what is 2 + 31444130?
31444132
In base 10, what is -666698 - -2?
-666696
In base 7, what is -135001 - 1?
-135002
In base 4, what is -21223223 + 10?
-21223213
In base 12, what is -b + -10147?
-10156
In base 3, what is 212 + 1110210?
1111122
In base 8, what is -6 + -115427?
-115435
In base 13, what is -1009c28 + -1?
-1009c29
In base 8, what is 627607 - 1?
627606
In base 11, what is -841 + 2167?
1426
In base 15, what is -a0b04 - -2?
-a0b02
In base 9, what is 5 - 104201?
-104185
In base 6, what is -14 + 44034?
44020
In base 16, what is -a87b0 - 0?
-a87b0
In base 3, what is 12 - -102210121?
102210210
In base 4, what is 2113 - 120231?
-112112
In base 4, what is 13 + 3011222231?
3011222310
In base 11, what is 70 + a9a5?
aa65
In base 7, what is -23135 - 30?
-23165
In base 9, what is -36038 - 3?
-36042
In base 8, what is -375535 - -2?
-375533
In base 9, what is 6480 + 27?
6517
In base 15, what is 30a7 - 61?
3046
In base 3, what is 222021111 - -122?
222022010
In base 5, what is 4042 - 2423?
1114
In base 6, what is -231431 - -2?
-231425
In base 6, what is -50 + -34?
-124
In base 8, what is -13 + -15747?
-15762
In base 9, what is 5 + 81616?
81622
In base 7, what is -1 + -1661340?
-1661341
In base 12, what is -10 + -1990?
-19a0
In base 2, what is -1110 + -11101001111001?
-11101010000111
In base 7, what is 11156 - 2?
11154
In base 14, what is -12c - 50a0?
-51cc
In base 2, what is 10010001100111 + -1?
10010001100110
In base 5, what is -31 + 11432213?
11432132
In base 2, what is -1000101111100101 - -1000010?
-1000101110100011
In base 8, what is -134 - 37?
-173
In base 13, what is -42b + 4?
-427
In base 9, what is 273 + -5074?
-4701
In base 4, what is 30012222 + -30?
30012132
In base 2, what is 11000010101 - -1101?
11000100010
In base 14, what is -8308 + 6?
-8302
In base 2, what is 1100 + 11001000011110?
11001000101010
In base 10, what is -3218 + 6?
-3212
In base 4, what is 133001 - 0?
133001
In base 5, what is 100 - 23231?
-23131
In base 2, what is -101110111001010 - 111?
-101110111010001
In base 10, what is -3 - 20052?
-20055
In base 15, what is ab + -5c?
4e
In base 15, what is 1dc + -e3?
e9
In base 7, what is 244115 + -3?
244112
In base 3, what is 21001 - 100000211?
-22202210
In base 12, what is 33a749 + -6?
33a743
In base 10, what is -13092 + -1?
-13093
In base 5, what is -2141021 - 3?
-2141024
In base 12, what is -390 - -23a0?
2010
In base 7, what is 122321 - -54?
122405
In base 4, what is 112311 - 11?
112300
In base 7, what is 36151 + 1?
36152
In base 3, what is -202012 - -2220?
-122022
In base 9, what is 3280 + 1522?
4812
In base 9, what is -5 - 442472?
-442477
In base 4, what is -2011200 - 1?
-2011201
In base 12, what is 388 - 15?
373
In base 5, what is -12 - -20430?
20413
In base 12, what is -63495 + -3?
-63498
In base 14, what is -80a + -261?
-a6b
In base 9, what is -335 + -1350?
-1685
In base 5, what is -1111402 - 1432?
-1113334
In base 7, what is 6045 - -402?
6450
In base 10, what is 7 - 10334?
-10327
In base 11, what is -2a - -1385?
1356
In base 9, what is -27 - 22?
-50
In base 13, what is 69 + -1cb4?
-1c48
In base 12, what is -3 - -1689a9?
1689a6
In base 10, what is -9990 - -1?
-9989
In base 16, what is -38f9f - 0?
-38f9f
In base 8, what is 243362 + -12?
243350
In base 7, what is -13 - -453216?
453203
In base 2, what is -10010110101101001 + 100?
-10010110101100101
In base 12, what is 2 + 50791?
50793
In base 2, what is -101 + -11010111101000101?
-11010111101001010
In base 16, what is 40c + 13?
41f
In base 13, what is -119 - -246?
12a
In base 11, what is 4a93 + 9?
4aa1
In base 10, what is -40 + 6844?
6804
In base 3, what is 2020 + -1020100?
-1011010
In base 11, what is -4 - 2457?
-2460
In base 11, what is 1 - 12795?
-12794
In base 14, what is 2 + -18c79?
-18c77
In base 9, what is -36 + 862?
825
In base 16, what is -6533 - 1?
-6534
In base 13, what is -2699 - 3?
-269c
In base 7, what is -20 - -203314?
203264
In base 15, what is -3 - 3d2c?
-3d30
In base 6, what is -5215315 + -4?
-5215323
In base 5, what is 4444434032 - 10?
4444434022
In base 4, what is -1002 + -1102120?
-1103122
In base 12, what is 4 + 166515?
166519
In base 12, what is 2 + 1093?
1095
In base 10, what is -1134 + 8?
-1126
In base 13, what is 7a551 + 4?
7a555
In base 9, what is 6768 + 0?
6768
In base 12, what is -59 + -8875?
-8912
In base 14, what is 1cb - -1100?
12cb
In base 11, what is 318 + -37?
291
In base 11, what is -1043a - -a?
-10430
In base 15, what is -385 - -19?
-36b
In base 10, what is -173292 + 5?
-173287
In base 11, what is -6896 + -6?
-68a1
In base 10, what is 5504 + 1?
5505
In base 12, what is 410 + 12a?
53a
In base 16, what is -a58 + 11?
-a47
In base 6, what is -142445 - -3?
-142442
In base 12, what is 17795 + 0?
17795
In base 12, what is 12 + -7a30b?
-7a2b9
In base 8, what is 5 + 1226152?
1226157
In base 3, what is 10 + 2201020221?
2201021001
In base 14, what is -5 + -c0260?
-c0265
In base 7, what is -22 - -266530?
266505
In base 8, what is -75 + 165673?
165576
In base 12, what is 625 + -39b?
246
In base 6, what is 143350 - 5?
143341
In base 6, what is 4 + -5525101?
-5525053
In base 15, what is -1 + ba6?
ba5
In base 5, what is 1442 + 24141?
31133
In base 15, what is -c016 + -3?
-c019
In base 16, what is -33 + -118?
-14b
In base 4, what is -1 + -121122302?
-121122303
In base 14, what is -311b - 6a?
-3187
In base 12, what is -62a5 - 1b?
-6304
In base 4, what is -12203202 + 100?
-12203102
In base 14, what is 10c7 - 207?
cc0
In base 11, what is -866 - -209?
-658
In base 6, what is -2 - -2021040?
2021034
In base 8, what is 336043 + 0?
336043
In base 6, what is -14 - 24422?
-24440
In base 4, what is -331 - -110210?
103213
In base 3, what is 201200 + -1?
201122
In base 4, what is -213322 + 1121?
-212201
In base 2, what is 1 + 100110011110010111?
100110011110011000
In base 14, what is -31 - 5dd?
-630
In base 13, what is 24 - -2736?
275a
In base 15, what is 940 + -c?
933
In base 15, what is -1e1 - 1b?
-20c
In base 8, what is 35602 + -2?
35600
In base 13, what is 1a3 - 42?
161
In base 10, what is 596 + 30?
626
In base 14, what is -155 - -4b2?
35b
In base 3, what is 1 + 1120222112?
1120222120
In base 14, what is 1 - -15a90b?
15a90c
In base 14, what is -d2 + -464?
-556
In base 16, what is -99d + -28?
-9c5
In base 8, what is 67206 + -10?
67176
In base 7, what is 4 - 254363?
-254356
In base 16, what is bb8b9 + -1?
bb8b8
In base 8, what is -1 - -103101?
103100
In base 3, what is -202000120101210 + -10?
-202000120101220
In base 10, what is 108 - -303?
411
In base 4, what is -12231220300 + 3?
-12231220231
In base 5, what is -2 + -3004343?
-3004400
In base 16, what is -5 + -1f18?
-1f1d
In base 13, wh